{"id":16,"date":"2019-10-03T09:03:19","date_gmt":"2019-10-03T09:03:19","guid":{"rendered":"http:\/\/quintinusstiftung.info\/?page_id=16"},"modified":"2019-10-25T11:27:44","modified_gmt":"2019-10-25T09:27:44","slug":"wie-wir-helfen","status":"publish","type":"page","link":"https:\/\/quintinusstiftung.info\/?page_id=16","title":{"rendered":"Wie wir helfen"},"content":{"rendered":"\n<p>Durch besondere Lebensumst\u00e4nde und unvorhergesehene Ereignisse  k\u00f6nnen Menschen in eine Notlage geraten, die weder aus eigenen Kr\u00e4ften noch mit den zur Verf\u00fcgung stehenden gesetzlichen Leistungen bew\u00e4ltigt  werden kann.<\/p>\n\n\n\n<p>Mit den finanziellen Mitteln aus unserer Stiftung soll die  momentane Notlage erleichtert, gleichzeitig aber auch eine Grundlage f\u00fcr  eine m\u00f6glichst dauerhafte Verbesserung der Situation geschaffen werden.<\/p>\n\n\n\n<p>Unsere finanzielle Hilfe ist vielf\u00e4ltig und individuell.<br>Wir unterst\u00fctzen direkt und unb\u00fcrokratisch mit  Zuwendungen f\u00fcr Dinge  des t\u00e4glichen Bedarfs, Mobiliar oder medizinisch  notwendige  Behandlungen. <br><\/p>\n","protected":false},"excerpt":{"rendered":"<p>Durch besondere Lebensumst\u00e4nde und unvorhergesehene Ereignisse k\u00f6nnen Menschen in eine Notlage geraten, die weder aus eigenen Kr\u00e4ften noch mit den zur Verf\u00fcgung stehenden gesetzlichen Leistungen &hellip; <\/p>\n","protected":false},"author":1,"featured_media":0,"parent":0,"menu_order":0,"comment_status":"closed","ping_status":"closed","template":"","meta":{"footnotes":""},"class_list":["post-16","page","type-page","status-publish","hentry"],"_links":{"self":[{"href":"https:\/\/quintinusstiftung.info\/index.php?rest_route=\/wp\/v2\/pages\/16","targetHints":{"allow":["GET"]}}],"collection":[{"href":"https:\/\/quintinusstiftung.info\/index.php?rest_route=\/wp\/v2\/pages"}],"about":[{"href":"https:\/\/quintinusstiftung.info\/index.php?rest_route=\/wp\/v2\/types\/page"}],"author":[{"embeddable":true,"href":"https:\/\/quintinusstiftung.info\/index.php?rest_route=\/wp\/v2\/users\/1"}],"replies":[{"embeddable":true,"href":"https:\/\/quintinusstiftung.info\/index.php?rest_route=%2Fwp%2Fv2%2Fcomments&post=16"}],"version-history":[{"count":4,"href":"https:\/\/quintinusstiftung.info\/index.php?rest_route=\/wp\/v2\/pages\/16\/revisions"}],"predecessor-version":[{"id":112,"href":"https:\/\/quintinusstiftung.info\/index.php?rest_route=\/wp\/v2\/pages\/16\/revisions\/112"}],"wp:attachment":[{"href":"https:\/\/quintinusstiftung.info\/index.php?rest_route=%2Fwp%2Fv2%2Fmedia&parent=16"}],"curies":[{"name":"wp","href":"https:\/\/api.w.org\/{rel}","templated":true}]}}