{"id":25,"date":"2019-10-03T11:21:23","date_gmt":"2019-10-03T09:21:23","guid":{"rendered":"http:\/\/quintinusstiftung.info\/?page_id=25"},"modified":"2023-10-26T15:11:11","modified_gmt":"2023-10-26T13:11:11","slug":"datenschutzerklaerung","status":"publish","type":"page","link":"https:\/\/quintinusstiftung.info\/?page_id=25","title":{"rendered":"Datenschutzerkl\u00e4rung"},"content":{"rendered":"\n<h2 class=\"wp-block-heading\"><strong>Verwendung personenbezogener Daten<\/strong> <\/h2>\n\n\n\n<p><strong>Datenschutz ist Vertrauenssache und Ihr Vertrauen ist uns ein wichtiges Anliegen.<\/strong><br>\n\n\n\n\nPersonenbezogene Daten sind Einzelangaben \u00fcber pers\u00f6nliche oder \nsachliche Verh\u00e4ltnisse einer bestimmten oder bestimmbaren nat\u00fcrlichen \nPerson. Darunter fallen Informationen wie der b\u00fcrgerliche Name, die \nAnschrift, die Telefonnummer und das Geburtsdatum. Diese Daten sind \nverst\u00e4ndlicher Weise besonders sch\u00fctzenswert.<\/p>\n\n\n\n<p>Wir die Betreiber von Quintinusstiftung.de versichern Ihnen, dass wir \nden Schutz Ihrer personenbezogenen Daten sehr ernst nehmen und bei der \nVerarbeitung Ihrer Daten die Regeln der Datenschutzgesetze befolgen. \nUnsere Datenschutzpraxis steht im Einklang mit den Regelungen des \nBundesdatenschutzgesetzes (BDSG) und des Telemediengesetzes (TMG). Wir \nerheben, verarbeiten und speichern Ihre personenbezogenen Daten \nlediglich im technisch und zur Bearbeitung von Anfragen und ggf. zur \nAbwicklung von Auftr\u00e4gen \/ Vertr\u00e4gen erforderlichen Umfang.<\/p>\n\n\n\n<p>Nur dann, wenn Sie zuvor Ihre Einwilligung gesondert erteilt haben, \nerfolgt eine Nutzung Ihrer Daten auch f\u00fcr weitergehende, in der \nEinwilligung genau bestimmte Zwecke, z.B. zur \u00dcbermittlung von \nInformationen \u00fcber Angebote per Newsletter, etc.<\/p>\n\n\n\n<p>Nachfolgend informieren wir Sie detailliert dar\u00fcber, welche \nInformationen wir w\u00e4hrend Ihres Besuches auf unserer Internetseite \nerfassen und in welchem Umfang, von wem und zu welchen Zwecken diese \nDaten verarbeitet und genutzt werden. Au\u00dferdem erkl\u00e4ren wir Ihnen Ihre \nRechte auf Auskunft, Berichtigung, Sperrung und L\u00f6schung.<\/p>\n\n\n\n<ol class=\"wp-block-list\">\n<li><strong> Verantwortliche Stelle i.S.d.&nbsp;\u00a7&nbsp;13&nbsp;Abs.&nbsp;1&nbsp;TMG&nbsp;\/ \u00a7&nbsp;3&nbsp;Abs.&nbsp;7&nbsp;BDSG<\/strong><\/li>\n<\/ol>\n\n\n\n<p>Verantwortliche Stelle im Sinne des Datenschutzrechts ist:<\/p>\n\n\n\n<p>Quintinus Wirtz Stiftung eine Stiftung, der Franziskusschwestern der Familienpflege Essen              \u00a0 \u00a0 \u00a0 \u00a0 \u00a0 \u00a0<\/p>\n\n\n\n<p><strong><em>&nbsp;Schwester Judith                     <br> Laarmannstr. 26                     <br> 45359 Essen                     <br> Telefon:&nbsp;0201 450 913-0                     <br> Fax:&nbsp;0201  450 913-913<br> E-Mail: datenschutz@franziskusschwestern.de                    <\/em><\/strong>                                                  <\/p>\n\n\n\n<ol class=\"wp-block-list\">\n<li><strong> Anonyme \/ Pseudonymisierte Nutzung der&nbsp;Internetseite<\/strong><\/li>\n<\/ol>\n\n\n\n<p>Sie k\u00f6nnen unsere Internetseite grunds\u00e4tzlich ohne Angabe von \npersonenbezogenen Daten besuchen. Pseudonymisierte Nutzungsdaten werden \nnicht mit den Daten des Tr\u00e4gers des Pseudonyms zusammengef\u00fchrt. Eine \nErstellung von pseudonymen Nutzungsprofilen findet nicht statt.<\/p>\n\n\n\n<ol class=\"wp-block-list\">\n<li><strong> Besondere Funktionen der Internetseite<\/strong><\/li>\n<\/ol>\n\n\n\n<p>Unsere Seite bietet Ihnen verschiedene Funktionen, bei deren Nutzung  von uns personenbezogene Daten erhoben, verarbeitet und gespeichert  werden. Nachfolgend erkl\u00e4ren wir, was mit diesen Daten geschieht:<br>       <strong>Kontaktformulare<\/strong><br>Die \u00fcber unsere Kontaktformulare (z.B. Anfrageformular, Kontaktformular)  aufgenommenen Daten werden wir nur f\u00fcr die Bearbeitung von Anfragen,  die durch die Kontaktformulare eingehen, verwenden. Nach Bearbeitung der  Anfrage werden die erhobenen Daten innerhalb von sechs Monaten  gel\u00f6scht.<br>       <strong>Kommentarformulare<\/strong><br>Angaben, die Sie im Kommentarformular eingeben, werden von uns erfasst  und gespeichert. Das betrifft den Kommentar selbst sowie Ihren Namen und  Ihre E-Mail-Adresse. Diese Angaben geschehen freiwillig, die Verwendung  von Pseudonymen ist m\u00f6glich. Nach Pr\u00fcfung des Kommentars (zur  Vermeidung rechtswidriger Inhalte) werden Ihre Angaben auf unserer  Webseite ver\u00f6ffentlich. Name, E-Mail-Adresse und Kommentar sind  anschlie\u00dfend f\u00fcr jeden Benutzer unserer Webseite einzusehen.<\/p>\n\n\n\n<ol class=\"wp-block-list\">\n<li><strong> Datenweitergabe \/ Zweckbindung<\/strong><\/li>\n<\/ol>\n\n\n\n<p>Wir geben personenbezogene Daten nur an Dritte weiter, soweit dies  f\u00fcr uns zur Erf\u00fcllung unserer Vertragsverpflichtungen, insbesondere zur  Abwicklung eines geschlossenen Vertrages, notwendig ist.<br>Wenn Sie uns pers\u00f6nliche Daten im Rahmen einer Einwilligung zur  Verf\u00fcgung stellen, werden diese Daten nur f\u00fcr den Zweck genutzt, der der  Einwilligung zu Grunde liegt und dem Sie vorab zugestimmt haben. Wir  werden Ihre personenbezogenen Daten nur so lange speichern, wie dies f\u00fcr  den vorgesehenen Zweck der Datenerhebung notwendig oder gesetzlich  vorgeschrieben ist.<br>Ihre schutzw\u00fcrdigen Belange werden gem\u00e4\u00df den gesetzlichen Bestimmungen  ber\u00fccksichtigt. Sie k\u00f6nnen bei der verantwortlichen Stelle eine Auskunft  \u00fcber die Sie betreffenden gespeicherten Daten erhalten.<br>Eine Weitergabe von personenbezogenen Daten an Dritte findet, au\u00dfer zu  den genannten Zwecken der Vertrags- und Zahlungsabwicklung, nicht statt.<\/p>\n\n\n\n<ol class=\"wp-block-list\">\n<li><strong> Statistische Auswertung der Besuche dieser&nbsp;Internetseite<\/strong><\/li>\n<\/ol>\n\n\n\n<p>Wir beziehungsweise unser Webspace-Provider erheben beim Aufruf \nunserer Internetseiten oder einzelner Dateien unserer Internetseiten \nfolgende Zugriffsdaten:<\/p>\n\n\n\n<ul class=\"wp-block-list\">\n<li>IP Adresse und Hostname des zugreifenden Rechners und des anfragenden Providers<\/li>\n\n\n\n<li>Webseite, von der aus die Datei abgerufen wurde<\/li>\n\n\n\n<li>Name der abgerufenen Webseite oder Datei<\/li>\n\n\n\n<li>Datum und Uhrzeit des Abrufs<\/li>\n\n\n\n<li>\u00fcbertragene Datenmenge<\/li>\n\n\n\n<li>Meldung \u00fcber den Erfolg des Abrufs<\/li>\n\n\n\n<li>Browsertyp und -version<\/li>\n\n\n\n<li>Betriebssystem des Nutzers<\/li>\n<\/ul>\n\n\n\n<p>Diese Zugriffsdaten verwenden wir ausschlie\u00dflich in nicht \npersonalisierter Form f\u00fcr die stetige Verbesserung unseres \nInternetangebots und zu statistischen Zwecken. Die Franziskusschwestern und\n deren Webspace-Provider behalten sich jedoch vor, die Protokolldaten \nnachtr\u00e4glich zu \u00fcberpr\u00fcfen, wenn aufgrund konkreter Anhaltspunkte der \nberechtigte Verdacht einer rechtswidrigen Nutzung besteht.<\/p>\n\n\n\n<p>Zudem setzen wir zur Auswertung der Besuche dieser Internetseite folgende Plugins und aktive Script-Inhalte ein:<br>\n\n\n\n\n      <strong>Google Analytics<\/strong><br>\n\n\n\n\nDiese Website benutzt Google Analytics, einen Webanalysedienst der \nGoogle Inc., 1600 Amphitheatre Parkway, Mountain View, CA 94043, USA \n(nachfolgend: Google). Google Analytics verwendet diverse Techniken, u.a\n auch sog. \u201eCookies\u201c, die auf Ihrem Computer gespeichert werden und die \neine Analyse der Nutzung dieser Website durch die Besucher erm\u00f6glichen. \nDie von Google-Analytics gewonnenen Informationen \u00fcber Ihre Nutzung \ndieser Website werden an Server von Google \u00fcbertragen, die ggf. in \nStaaten au\u00dferhalb der Mitgliedstaaten der Europ\u00e4ischen Union und ggf. \nauch au\u00dferhalb von Vertragsstaaten des Abkommens \u00fcber den Europ\u00e4ischen \nWirtschaftsraum betrieben werden. Durch die Aktivierung der \nIP-Anonymisierung innerhalb des Google-Analytics Tracking-Codes dieser \nInternetseite, wird Ihre IP-Adresse von Google vor der \u00dcbertragung \nanonymisiert. Diese Website nutzt einen Google Analytics-Tracking Code, \nder um den Operator gat._anonymizeIp(); erweitert wurde, um nur eine \nanonymisierte Erfassung von IP-Adressen (sog. IP Masking) zu \nerm\u00f6glichen. Im Auftrag des Betreibers dieser Website wird Google diese \nInformationen nutzen, um Ihren Besuch auf dieser Internetseite \nauszuwerten, Reports \u00fcber die Websiteaktivit\u00e4ten zusammenzustellen und \num weitere mit der Websitenutzung und der Internetnutzung verbundene \nDienstleistungen gegen\u00fcber dem Websitebetreiber zu erbringen. Die im \nRahmen von Google Analytics von Ihrem Browser \u00fcbermittelte IP-Adresse \nwird nicht mit anderen Daten von Google zusammengef\u00fchrt.<\/p>\n\n\n\n<p>Sie k\u00f6nnen die Speicherung von Google-Cookies durch eine \nentsprechende Einstellung Ihrer Browser-Software verhindern. Wir weisen \nSie jedoch darauf hin, dass Sie in diesem Fall gegebenenfalls nicht \ns\u00e4mtliche Funktionen dieser Website vollumf\u00e4nglich nutzen k\u00f6nnen. Sie \nk\u00f6nnen dar\u00fcber hinaus die Erfassung der durch den Google-Cookie \nerzeugten und auf Ihre Nutzung der Website bezogenen Daten (inkl. Ihrer \nIP-Adresse) an Google sowie die Verarbeitung dieser Daten durch Google \nverhindern, indem Sie das unter der Adresse <a href=\"http:\/\/tools.google.com\/dlpage\/gaoptout?hl=de\">http:\/\/tools.google.com\/dlpage\/gaoptout?hl=de<\/a>\n verf\u00fcgbare Browser-Plugin herunterladen und installieren. Die \nSicherheits- und Datenschutzgrunds\u00e4tze von Google Analytics finden Sie \nunter <a href=\"http:\/\/www.google.com\/intl\/de\/analytics\/learn\/privacy.html\">http:\/\/www.google.com\/intl\/de\/analytics\/learn\/privacy.html<\/a>.<\/p>\n\n\n\n<ol class=\"wp-block-list\">\n<li><strong> Externe Inhalte und \/ oder Verarbeitung von Daten au\u00dferhalb&nbsp;der&nbsp;EU<\/strong><\/li>\n<\/ol>\n\n\n\n<p>Auf unserer Internetseite verwenden wir aktive Javascript-Inhalte von  externen Anbietern. Durch Aufruf unserer Internetseite erhalten diese  externen Anbieter ggf. personenbezogene Informationen \u00fcber Ihren Besuch  auf unserer Internetseite. Hierbei ist eine Verarbeitung von Daten  au\u00dferhalb der EU m\u00f6glich. Sie k\u00f6nnen dies verhindern, indem Sie einen  Javascript-Blocker wie z.B. das Browser-Add-on \u201eNoScript\u201c installieren (<a href=\"http:\/\/www.noscript.net\/\">www.noscript.net<\/a>)  oder Javascript in Ihrem Browser deaktivieren. Hierdurch kann es zu  Funktionseinschr\u00e4nkungen auf Internetseiten kommen, die Sie besuchen.<br>Wir verwenden im Einzelnen:<br>       <strong>Google:<\/strong><br>Auf unsere Seite wird Javascript-Code des Unternehmens Google Inc., 1600  Amphitheatre Parkway, Mountain View, CA 94043, USA (nachfolgend:  Google) nachgeladen. Wenn Sie in Ihrem Browser Javascript aktiviert und  keinen Javascript-Blocker installiert haben, wird Ihr Browser ggf.  personenbezogene Daten an Google \u00fcbermitteln. Uns ist nicht bekannt,  welche Daten Google mit den erhaltenen Daten verkn\u00fcpft und zu welchen  Zwecken Google diese Daten verwendet. Um die Ausf\u00fchrung von  Javascript-Code von Google insgesamt zu verhindern, k\u00f6nnen Sie einen  Javascript-Blocker installieren (z.B. <a href=\"http:\/\/www.noscript.net\/\">www.noscript.net<\/a>)<br>       <strong>Google-Apis:<\/strong><br>Auf unserer Website werden Google APIs der Firma Google Inc., 1600  Amphitheatre Parkway, Mountain View, CA 94043, USA (nachfolgend:  Google). verwendet. Dabei handelt es sich um eine von Google  bereitgestellte Programmschnittstelle. Im Rahmen der Benutzung k\u00f6nnen  dadurch Daten, wie insbesondere die IP-Adresse, an Google \u00fcbermittelt  werden. Sie k\u00f6nnen die Erfassung und Weiterleitung personenbezogenen  Daten (insb. Ihrer IP-Adresse) an Google sowie die Verarbeitung dieser  Daten durch Google verhindern, indem sie die Ausf\u00fchrung von Javascript  in Ihrem Browser deaktivieren oder ein Tool wie \u201e<a href=\"http:\/\/www.noscript.net\/\">www.noscript.net<\/a>\u201c installieren.<br>       <strong>Google Maps:<\/strong><br>Auf unsere Seite wird Javascript-Code des Unternehmens Google Inc., 1600  Amphitheatre Parkway, Mountain View, CA 94043, USA (nachfolgend:  Google) nachgeladen. Wenn Sie in Ihrem Browser Javascript aktiviert und  keinen Javascript-Blocker installiert haben, wird Ihr Browser ggf.  personenbezogene Daten an Google \u00fcbermitteln. Uns ist nicht bekannt,  welche Daten Google mit den erhaltenen Daten verkn\u00fcpft und zu welchen  Zwecken Google diese Daten verwendet. Um die Ausf\u00fchrung von  Javascript-Code von Google insgesamt zu verhindern, k\u00f6nnen Sie einen  Javascript-Blocker installieren (z.B. von <a href=\"http:\/\/www.noscript.net\/\">www.noscript.net<\/a>).<br>       <strong>gstatic:<\/strong><br>Auf unsere Seite wird Javascript-Code des Unternehmens Google Inc., 1600  Amphitheatre Parkway, Mountain View, CA 94043, USA (nachfolgend:  Google) nachgeladen. Wenn Sie in Ihrem Browser Javascript aktiviert und  keinen Javascript-Blocker installiert haben, wird Ihr Browser ggf.  personenbezogene Daten an Google \u00fcbermitteln. Uns ist nicht bekannt,  welche Daten Google mit den erhaltenen Daten verkn\u00fcpft und zu welchen  Zwecken Google diese Daten verwendet. Um die Ausf\u00fchrung von  Javascript-Code von Google insgesamt zu verhindern, k\u00f6nnen Sie einen  Javascript-Blocker installieren (z.B. von <a href=\"http:\/\/www.noscript.net\/\">www.noscript.net<\/a>).<br>       <strong>Vimeo:<\/strong><br> Auf unsere Seite wird Javascript-Code des Unternehmens Vimeo LLC, 555  West 18th Street, New York, New York 10011, USA (Vimeo) nachgeladen. Wir  nutzen den Anbieter Vimeo zum Einbinden von Videos auf unserem  Internetauftritt. Wenn Sie in Ihrem Browser Javascript aktiviert und  keinen Javascript-Blocker installiert haben, wird Ihr Browser ggf.  personenbezogene Daten an Vimeo \u00fcbermitteln. Uns ist nicht bekannt,  welche Daten Vimeo mit den erhaltenen Daten verkn\u00fcpft und zu welchen  Zwecken Vimeo diese Daten verwendet. Weitere Informationen hierzu finden  Sie in der Datenschutzerkl\u00e4rung von Vimeo (<a href=\"http:\/\/vimeo.com\/privacy\">http:\/\/vimeo.com\/privacy<\/a>).  Um die Ausf\u00fchrung von Javascript Code von Vimeo insgesamt zu  verhindern, k\u00f6nnen Sie einen Javascript-Blocker installieren (z.B. von <a href=\"http:\/\/www.noscript.net\/\">www.noscript.net<\/a> oder von <a href=\"http:\/\/www.ghostery.com\/\">www.ghostery.com<\/a>).<\/p>\n\n\n\n<ol class=\"wp-block-list\">\n<li><strong> Unterrichtung \u00fcber die Nutzung von&nbsp;Cookies<\/strong><\/li>\n<\/ol>\n\n\n\n<p>Auf verschiedenen Seiten unseres Internetauftritts verwenden wir \nCookies, um den Besuch unserer Website attraktiv zu gestalten und die \nNutzung bestimmter Funktionen zu erm\u00f6glichen. Bei den sogenannten \n\u201eCookies\u201c handelt es sich um kleine Textdateien, die Ihr Browser auf \nIhrem Rechner ablegen kann. Der Vorgang des Ablegens einer Cookie-Datei \nwird auch \u201eein Cookie setzen\u201c genannt. Sie k\u00f6nnen Ihren Browser selbst \nnach Ihren W\u00fcnschen so einstellen, dass Sie \u00fcber das Setzen von Cookies \ninformiert werden, von Fall zu Fall \u00fcber die Annahme entscheiden oder \ndie Annahme von Cookies grunds\u00e4tzlich akzeptieren oder grunds\u00e4tzlich \nausschlie\u00dfen. Cookies k\u00f6nnen zu unterschiedlichen Zwecken eingesetzt \nwerden, z.B. um zu erkennen, dass Ihr PC schon einmal eine Verbindung zu\n einem Webangebot hatte (dauerhafte Cookies) oder um zuletzt angesehene \nAngebote zu speichern (Sitzungs-Cookies). Wir setzen Cookies ein, um \nIhnen einen gesteigerten Benutzerkomfort zu bieten. Um unsere \nKomfortfunktionen zu nutzen, empfehlen wir Ihnen, die Annahme von \nCookies f\u00fcr unser Webangebot zu erlauben.<\/p>\n\n\n\n<p><strong>So deaktivieren Sie die Speicherung von Cookies<\/strong><\/p>\n\n\n\n<p><strong>Internet Explorer<\/strong><\/p>\n\n\n\n<ol class=\"wp-block-list\">\n<li>\u00d6ffnen Sie den Internet Explorer.<\/li>\n\n\n\n<li>Klicken Sie auf die Schaltfl\u00e4che \u201eExtras\u201c und dann auf \u201eInternetoptionen\u201c.<\/li>\n\n\n\n<li>Klicken Sie auf die Registerkarte \u201eDatenschutz\u201c.<\/li>\n\n\n\n<li>Im Reiter \u201eCookies\u201c k\u00f6nnen Sie die Markierung entfernen und Ihre Einstellungen speichern.<\/li>\n<\/ol>\n\n\n\n<p><strong>Firefox<\/strong><\/p>\n\n\n\n<ol class=\"wp-block-list\">\n<li>\u00d6ffnen Sie den Firefox Browser.<\/li>\n\n\n\n<li>Dr\u00fccken Sie die \u201eAlt\u201c Taste auf Ihrer Tastatur.<\/li>\n\n\n\n<li>W\u00e4hlen Sie \u201eMen\u00fc\u201c und dann \u201eOptionen\u201c in Ihrer Funktionsleiste.<\/li>\n\n\n\n<li>W\u00e4hlen Sie den Reiter \u201ePrivatsph\u00e4re\u201c aus.<\/li>\n\n\n\n<li>W\u00e4hlen Sie f\u00fcr \u201eFirefox wird eine\nChronik:\u201c \u201enach benutzerdefinierten Einstellungen\nanlegen\u201c aus.<\/li>\n\n\n\n<li>Entfernen Sie die Markierung \u201eCookies akzeptieren\u201c und speichern Sie Ihre Einstellungen.<\/li>\n<\/ol>\n\n\n\n<p><strong>Google Chrome<\/strong><\/p>\n\n\n\n<ol class=\"wp-block-list\">\n<li>\u00d6ffnen Sie Google Chrome.<\/li>\n\n\n\n<li>W\u00e4hlen Sie \u201cEinstellungen\u201d aus.<\/li>\n\n\n\n<li>Klicken Sie auf \u201cErweiterte Einstellungen anzeigen\u201d.<\/li>\n\n\n\n<li>Klicken Sie im Reiter \u201eDatenschutz\u201c auf \u201eInhaltseinstellungen\u201c.<\/li>\n\n\n\n<li>Im Abschnitt \u201eCookies\u201c k\u00f6nnen Sie diese deaktivieren und Ihre Einstellungen speichern.<\/li>\n<\/ol>\n\n\n\n<p><strong>Safari<\/strong><\/p>\n\n\n\n<ol class=\"wp-block-list\">\n<li>\u00d6ffnen Sie Safari.<\/li>\n\n\n\n<li>W\u00e4hlen Sie \u201eEinstellungen\u201c in der Funktionsliste (graues Zahnrad in \nder oberen, rechten Ecke) und klicken Sie auf \u201ePrivatsph\u00e4re\u201c.<\/li>\n\n\n\n<li>Unter \u201eCookies akzeptieren\u201c k\u00f6nnen Sie spezifizieren ob und wann \nSafari Cookies von Websites akzeptieren soll. F\u00fcr mehr Informationen \nklicken Sie auf Hilfe (?).<\/li>\n\n\n\n<li>Wenn Sie mehr \u00fcber die Cookies erfahren m\u00f6chten, die auf Ihrem \nComputer gespeichert werden, dann klicken Sie auf \u201eCookies anzeigen\u201c.<\/li>\n\n\n\n<li><strong> Datensicherheit und Datenschutz, Kommunikation per&nbsp;E-Mail<\/strong><\/li>\n<\/ol>\n\n\n\n<p>Ihre personenbezogenen Daten werden durch Ergreifung aller \ntechnischen und organisatorischen M\u00f6glichkeiten so gespeichert, dass sie\n f\u00fcr Dritte nicht zug\u00e4nglich sind. Bei der Kommunikation per E-Mail kann\n die vollst\u00e4ndige Datensicherheit von uns nicht gew\u00e4hrleistet werden, \nsodass wir Ihnen bei Informationen mit hohem Geheimhaltungsbed\u00fcrfnis den\n Postweg empfehlen.<\/p>\n\n\n\n<ol class=\"wp-block-list\">\n<li><strong> Widerruf von Einwilligungen&nbsp;\u2013\nDatenausk\u00fcnfte und \u00c4nderungsw\u00fcnsche&nbsp;\u2013\nL\u00f6schung&nbsp;und&nbsp;Sperrung von&nbsp;Daten<\/strong><\/li>\n<\/ol>\n\n\n\n<p>Nach dem Bundesdatenschutzgesetz haben Sie ein Recht auf unentgeltliche Auskunft \u00fcber Ihre gespeicherten Daten sowie ggf. ein  Recht auf Berichtigung, Sperrung oder L\u00f6schung dieser Daten. Ihre Daten  werden jedoch nur dann gel\u00f6scht, falls dem nicht gesetzliche Regelungen  entgegenstehen.<br>Sie k\u00f6nnen eine uns erteilte Erlaubnis, Ihre pers\u00f6nlichen Daten zu  nutzen, jederzeit widerrufen. Auskunfts-, L\u00f6schung und  Berichtigungsw\u00fcnsche zu Ihren Daten und gerne auch Anregungen k\u00f6nnen Sie  jederzeit an folgende Adresse senden:<\/p>\n\n\n\n<p><em><strong>Quintinus Wirtz Stiftung eine Stiftung, der Franziskusschwestern der Familienpflege Essen<br>Schwester Judith                     <br>Laarmannstr. 26                     <br>45359 Essen                     <br>Telefon:\u00a00201 450 913-0                     <br> Fax:\u00a00201  450 913-913<br> E-Mail: datenschutz@franziskusschwestern.de                   <\/strong><\/em>                                     <\/p>\n\n\n\n<p>Essern den, 01.05.2018<\/p>\n","protected":false},"excerpt":{"rendered":"<p>Verwendung personenbezogener Daten Datenschutz ist Vertrauenssache und Ihr Vertrauen ist uns ein wichtiges Anliegen. Personenbezogene Daten sind Einzelangaben \u00fcber pers\u00f6nliche oder sachliche Verh\u00e4ltnisse einer bestimmten &hellip; <\/p>\n","protected":false},"author":1,"featured_media":0,"parent":0,"menu_order":0,"comment_status":"closed","ping_status":"closed","template":"","meta":{"footnotes":""},"class_list":["post-25","page","type-page","status-publish","hentry"],"_links":{"self":[{"href":"https:\/\/quintinusstiftung.info\/index.php?rest_route=\/wp\/v2\/pages\/25","targetHints":{"allow":["GET"]}}],"collection":[{"href":"https:\/\/quintinusstiftung.info\/index.php?rest_route=\/wp\/v2\/pages"}],"about":[{"href":"https:\/\/quintinusstiftung.info\/index.php?rest_route=\/wp\/v2\/types\/page"}],"author":[{"embeddable":true,"href":"https:\/\/quintinusstiftung.info\/index.php?rest_route=\/wp\/v2\/users\/1"}],"replies":[{"embeddable":true,"href":"https:\/\/quintinusstiftung.info\/index.php?rest_route=%2Fwp%2Fv2%2Fcomments&post=25"}],"version-history":[{"count":4,"href":"https:\/\/quintinusstiftung.info\/index.php?rest_route=\/wp\/v2\/pages\/25\/revisions"}],"predecessor-version":[{"id":153,"href":"https:\/\/quintinusstiftung.info\/index.php?rest_route=\/wp\/v2\/pages\/25\/revisions\/153"}],"wp:attachment":[{"href":"https:\/\/quintinusstiftung.info\/index.php?rest_route=%2Fwp%2Fv2%2Fmedia&parent=25"}],"curies":[{"name":"wp","href":"https:\/\/api.w.org\/{rel}","templated":true}]}}